6*s. Let o be 9 + (s - -2)*1. What is the remainder when (-4)/o - (-95)/3 is divided by 8?
7
Suppose 5*q - 2*u - 14 = 0, 2*q - 5*u = q - 11. Suppose -q*b + 16 = -32. What is the remainder when 1/((-3)/6) - -35 is divided by b?
9
Let z(t) = t**3 + 5*t**2 - 13*t + 9. Let d be z(-7). Suppose -3*c + 77 = d*r - 3*r, 0 = c + r - 31. What is the remainder when c is divided by 15?
12
Let r = 189 - 127. Suppose 0 = -5*m + h + 253 + r, 15 = 3*h. Suppose -d = d + i - 131, 0 = d - i - m. Calculate the remainder when d is divided by 17.
14
Let y(p) = p**2 + 2*p - 1. Suppose -h + 2*k = k - 14, 4*h + k - 51 = 0. What is the remainder when y(-6) is divided by h?
10
Let i = -83 - -90. Let a = i - 3. Suppose 0 + 9 = 2*w + x, -3*w - 2*x = -16. Calculate the remainder when a is divided by w.
0
Let j(a) be the first derivative of -20*a**2 - 11 + 4 + 24*a + 13*a**2 + 8*a**2. What is the remainder when j(-7) is divided by 5?
0
Suppose 3*z = s - 3*s + 12, 4*s = 0. Let k = 8 + z. Calculate the remainder when ((-76)/k)/((-1)/6) is divided by 13.
12
Let m(j) = -5*j + 36. Let p(i) = 2*i. Let f(y) = m(y) + 3*p(y). Calculate the remainder when 102 is divided by f(-14).
14
Suppose 4*m = 121 + 1295. What is the remainder when m is divided by 17?
14
Let s = -208 - -221. Calculate the remainder when 23 is divided by s.
10
Let p(d) = -2*d**2 - 9*d + 25. Let q = 37 - -3. Calculate the remainder when q is divided by p(-6).
5
Calculate the remainder when (-72)/5*110/(-44) is divided by 10.
6
Let d be (3 - -2)*2/(-5). Let o be (4/20 + 9/5)*-38. What is the remainder when d - ((-6)/(-2) + o) is divided by 18?
17
Let t(v) = 19*v + 690. Calculate the remainder when 39 is divided by t(-35).
14
Let t(g) = 2*g - 6. Let k be t(5). Suppose 0 = -a + k + 3. What is the remainder when a is divided by ((-2)/(-6))/(308/(-105) - -3)?
2
Let x(r) = -r**3 - 4*r**2 + 4*r - 5. Let a be (-1)/((44/24)/11). Calculate the remainder when x(-6) is divided by (-1)/(-2)*(a - -28).
10
Let v = -66 + 81. Let y(b) = 0*b + b - b**2 + 3*b + 3 - b**3 - 2*b. What is the remainder when y(-4) is divided by v?
13
Let k = 10 - 0. Suppose -k*z = -170 + 20. Calculate the remainder when z is divided by 8.
7
Let h be (-565)/(-40) - (-2)/(-16). Let g(b) = -67 + 0*b - 3*b + 71 - h*b**2 - b**3. What is the remainder when g(-14) is divided by 13?
7
Suppose 3*r - 1011 - 1811 = 2*j, -3*r = 5*j - 2857. Calculate the remainder when r is divided by 105.
104
Suppose 3*k - 5*i = -2*k + 65, 5*i = -3*k - 1. What is the remainder when 60 is divided by k?
4
Let z = 29 + -11. What is the remainder when 38 is divided by z?
2
Let d(h) = -2*h**2 - 82*h - 212. Calculate the remainder when d(-36) is divided by 45.
13
Suppose -3*j = -5*h + 16, 0 = -h - 3*j + 1 - 5. Suppose h*o = 0, -3*q + 2*o = -q - 14. What is the remainder when 38 is divided by q?
3
Let d = -94 + 159. Let s = d - 11. What is the remainder when s is divided by 28?
26
Suppose 6*y = 3*y + 63. Suppose -y*v + 20 = -16*v. What is the remainder when 9 is divided by v?
1
What is the remainder when (-7 + 25/4)/(1/(-144)) is divided by 16?
12
What is the remainder when 2 + 20 - 9*7/21 is divided by 11?
8
Suppose -2*w = -5*w - 5*q + 468, -2*w - 4*q + 312 = 0. What is the remainder when w is divided by 8?
4
Suppose -18 = 2*t - 0*t. Let a be (t + 24)*1/(-3). Calculate the remainder when ((-64)/(-20))/((-1)/a) is divided by 6.
4
Let m be -5*(-2 + 12/5). Let p be (-5)/m*18/15. Suppose -p*w + 27 = 3*h - 105, -w - 3*h = -52. What is the remainder when w is divided by 14?
12
Let j(k) = 4*k**3 - 4*k + 4. Let i(f) = f**3 + f - 1. Let a(w) = 3*i(w) + j(w). Calculate the remainder when a(2) is divided by 19.
17
Let r(f) = -f**3 - f**2 + 2*f + 5. Suppose 4055*d = 4061*d - 72. What is the remainder when r(-4) is divided by d?
9
Let u(c) = 47*c + 1099. Calculate the remainder when 186 is divided by u(-22).
56
Suppose 0 = 3632*h - 3638*h + 108. Let a = 5 - -7. Calculate the remainder when h is divided by a.
6
Suppose 0 = 8*t + 11 + 5. Calculate the remainder when 27 is divided by -2*t/4 + 13.
13
Let h = 30 - -8. Suppose s - 2*s + 5*l - 15 = 0, -9 = -s - l. Suppose -90 = -s*i + 2*o, -o = i + 4*o - 45. What is the remainder when h is divided by i?
18
Suppose 114 = -7*b + 1094. Suppose 17 = 3*z - 10. Suppose -5*c + z*c = b. Calculate the remainder when c is divided by 13.
9
Let u(t) = 2*t**2 + 3*t - 3. Suppose -4*f = 3*h - 56, 40 = 5*h - 2*f - 36. Calculate the remainder when h is divided by u(-3).
4
Let v be 2 - 6*3/6. Let s be -1 + ((-76)/v - 1). Suppose 5*m - s = 2*o, 5*m + 5*o = 46 + 14. What is the remainder when 24 is divided by m?
10
Let w = 63 + -34. Let c = -614 - -621. What is the remainder when w is divided by c?
1
Suppose 4*u = 5*f - 746 + 281, 0 = -f + 4*u + 93. What is the remainder when f is divided by 8?
5
Let i(y) = -y + 5. Let m be i(0). Suppose l = g + 2*g - 19, -m*g + 45 = l. What is the remainder when 46 is divided by g?
6
Let a be (-8)/(8/(-3))*5/3. Suppose a*f + 20 = 0, 6*i - 3*i = -4*f + 143. What is the remainder when i is divided by 18?
17
Let j(x) = -x**3 + 10*x**2 + 13*x - 23. Let v be j(11). Calculate the remainder when 57 is divided by -30*(v - 4)/15.
7
Suppose 5*v = 1 + 4. Suppose -4*o = 9 - v. Let z = 1 - o. Calculate the remainder when 13 is divided by z.
1
Let l = 57 - -30. Suppose 88 = 2*s + 8*k - 4*k, 44 = s + 4*k. Calculate the remainder when l is divided by s.
43
Calculate the remainder when 740/14 - 23/(-161) is divided by 27.
26
Let t(k) = 3*k**2 - 4. Calculate the remainder when t(-3) is divided by 12/(-16) + (-81)/(-12).
5
Let t = 8 - 13. Let a = t + 8. Let b(p) = 17*p. Calculate the remainder when b(a) is divided by 13.
12
Let a be 1/(-3)*-1*51. Calculate the remainder when 49 is divided by (a/2 + -2)*22/11.
10
Let m = 42 + 49. What is the remainder when m is divided by 19?
15
Suppose t - f - 25 = 0, -f + 23 = t - 4*f. Let p = -51 + 54. What is the remainder when t is divided by p?
2
Let p(r) = 10*r**2 + 4*r + 14. What is the remainder when p(-2) is divided by (12/15)/((-2)/(-40))?
14
Let v(s) = -s**2 - 5*s + 2. Suppose 6 = -2*w - 6. Let f be v(w). What is the remainder when 25/(f/4 - -2) is divided by 14?
11
Suppose 4*b - 3*b = -b. Suppose 5*m = -b*m + 395. Calculate the remainder when m is divided by 16.
15
Let t = 261 - -49. What is the remainder when t is divided by 12?
10
Let v(a) = 3*a - 2*a - 5743 + 5734. Let z be 2/1 + 10 - -1. What is the remainder when v(z) is divided by 3?
1
Suppose -4*c = c - 355. Let a = c + -53. Calculate the remainder when 89 is divided by a.
17
Suppose -12*v + 237 = -39. Calculate the remainder when v is divided by 9.
5
What is the remainder when 61 is divided by 7/14 + 1/(6/45)?
5
Suppose 2*o = -2*w, -38 = -3*w + 2*o - 13. Suppose 0 = -w*p + k - 6 + 63, p - 3*k = 17. What is the remainder when p is divided by 4?
3
Suppose -2*w = u - 132, 0 = u + 2*u - 12. Calculate the remainder when w is divided by 11.
9
Let b = 28 + -23. Suppose 4*m - j = 73, 0 = b*m - 5*j + 53 - 133. Calculate the remainder when 35 is divided by m.
16
Suppose -3*q + 35 = k, -3*k = -3*q + 2*q - 145. Let n(g) = -g**2 + 21*g + 24. What is the remainder when k is divided by n(21)?
23
Let g(i) be the first derivative of -i**2/2 + 18*i + 2. Calculate the remainder when 24 is divided by g(4).
10
Let q be -5 + 5 + -2 + 4. Suppose 20 = q*j - 6. What is the remainder when 77 is divided by j?
12
Let z(v) = v + 91. Let t(b) = 5*b + 365. Let h(i) = -2*t(i) + 9*z(i). Calculate the remainder when h(0) is divided by 30.
29
Suppose 30*x = 3*x + 810. Calculate the remainder when x is divided by 12.
6
Let y(m) = 2*m - 10. Let v be y(7). Let x(u) = u**3 - 4*u**2 - 4. Let f be x(v). What is the remainder when ((-2)/f)/((-8)/(-720)) is divided by 16?
13
Let v = -7 + 16. Suppose -6*n - 44 = -7*n - 2*y, 0 = 5*n + 3*y - 185. Calculate the remainder when n is divided by v.
7
Let t(l) = 523*l**2 - 17*l - 14. Calculate the remainder when t(-1) is divided by 11.
9
Suppose -l + 3*l - y = 155, 3*y + 313 = 4*l. Let u = l + -60. Calculate the remainder when 29 is divided by u.
13
Suppose 4*k = 24 + 136. What is the remainder when k is divided by 21 + -1 + (-9)/(-9)?
19
Let s = -15 - -19. Let g(c) = -52 - s*c + 47 + 0*c - 3*c. Calculate the remainder when g(-4) is divided by 6.
5
Suppose 